 0. List the prime factors of v.
7
Let c = 94 - 57. What are the prime factors of c?
37
Suppose 19 = -s + 8. What are the prime factors of s/(-3 + 1 + 1)?
11
Let i = 58 - 19. What are the prime factors of i?
3, 13
Let a(g) = -g - 2. Let p = -3 + -2. Let c = 1 + p. List the prime factors of a(c).
2
Let a(u) = -u**3 + 7*u**2 - 9*u + 5. Let k be a(5). Suppose 3*y = 2*p + 14, 4*y - y - 11 = -p. Let q = k - p. What are the prime factors of q?
11
Suppose o + 18 = -27. Let y = o + 63. List the prime factors of y.
2, 3
List the prime factors of 32 - (-1)/(-1)*2.
2, 3, 5
Suppose f = 1 + 7. Let p = f + -3. What are the prime factors of p?
5
Suppose -q + 6*q = 95. Suppose 0 = -5*l + 1 + q. List the prime factors of l.
2
Let w = -7 - -42. What are the prime factors of w?
5, 7
Suppose -5*y + y = 5*s + 306, -5*y - 389 = 3*s. Let m = -47 - y. What are the prime factors of m?
2
Let n = 16 + -14. Suppose 4*m - 2*a = 20, 13 + 2 = 3*m - n*a. List the prime factors of m.
5
Suppose 5*r - 274 = 236. Suppose r = 5*l - 18. What are the prime factors of l?
2, 3
Let f be ((-27)/6)/(2/(-4)). Suppose -5*y = 4*l - 32, f = -l - 0*y + 3*y. List the prime factors of l.
3
Let r = -15 - -21. What are the prime factors of r?
2, 3
Suppose f + 2*n + 0*n + 14 = 0, -n = 2*f + 13. Let o be ((-6)/f)/(15/(-80)). List the prime factors of 15/(-6)*o/5.
2
Let f(v) be the first derivative of 2 + v + 8*v**2 - 5*v**2 + v**2. What are the prime factors of f(1)?
3
Suppose 234 = k - 5*g, 3*k - 2*g - 476 = k. What are the prime factors of k?
239
Let l be (-1 - -3)*1/2. Suppose h = 6 - l. Suppose -h*f = -34 - 11. List the prime factors of f.
3
Suppose 5*j - 93 = -h - 3*h, 3*h + 3*j - 69 = 0. List the prime factors of h.
2, 11
Let r(n) = -n**3 + 2*n + 1 + 1 - 5*n**2 - 5*n. Let h be r(-3). Let b = h + 13. What are the prime factors of b?
2, 3
Suppose 9*y - 25 = 4*y. Let r(x) = x**3 - 6*x**2 + 2*x + 2. Let u be r(y). Let m = u - -21. What are the prime factors of m?
2
Let s be 6*((-6)/2)/(-3). Let g be (s/(-6))/(1/(-5)). Suppose 2*a - g*k = 6, -2*k - 4 = -5*a + 4*a. List the prime factors of a.
2
Suppose -5*r = 3*y - 2*r + 12, -4*r - 17 = 3*y. Let s(z) = -6*z**3 + z**2 - 1. Let q be s(y). What are the prime factors of (-8)/(3/(q/4))?
2
Let o(q) = -q**3 + 2*q**2 - 2. Let n be o(2). Let s be ((-30)/4)/(n/4). Suppose 0 = -4*i - 4*r + 44, -2*i + 2*r + 11 + s = 0. What are the prime factors of i?
2, 3
Let o be (-2)/(-1)*(-7)/(-2). Let x = o + 2. Let d = x - 0. What are the prime factors of d?
3
Let f be (4/8)/((-2)/32). Let n = f + 16. Suppose k = -k + n. What are the prime factors of k?
2
Let r = 5 + -3. Suppose 2*u = 3*u - r. Suppose -y = -b - 7, y + 3*y + u*b - 22 = 0. What are the prime factors of y?
2, 3
Let k(a) = a**2 - 4*a. List the prime factors of k(7).
3, 7
Let u(o) = -4*o + 4*o + o. Let z be u(2). Suppose -z*h = -0*h - 24. What are the prime factors of h?
2, 3
Let w(j) = -3*j - 5. Let x = -1 - -5. Suppose -2*r - 5*q = 3*r + 40, -r = -2*q - x. What are the prime factors of w(r)?
7
Let m(z) = 23*z**2 - 11*z - 20. Let j(f) = 8*f**2 - 4*f - 7. Let w(i) = 17*j(i) - 6*m(i). Let p be w(-3). List the prime factors of 6/(p/(-4) + -2).
2
Suppose z + 7*z = 1256. What are the prime factors of z?
157
Let a(d) = -d**3 + 9*d**2 + 13*d - 8. Let t be a(10). Let c = 51 - t. What are the prime factors of c?
29
Let h(s) = s**3 - 7*s**2 - 2. Let f(p) = p**3 + 8*p**2 - 11*p - 11. Let k be f(-9). Let o be h(k). What are the prime factors of (o/(-4))/((-2)/(-8))?
2
What are the prime factors of 9/((-27)/6)*274/(-4)?
137
Let j(s) = -s - 5. Suppose 17 + 33 = -5*x. Let p be j(x). Suppose 0 = p*w + 2*k - 83, -k - 4*k = -5*w + 55. List the prime factors of w.
3, 5
Let p = 10 + -22. Let j be (6/4)/(6/p). Let r = 9 - j. List the prime factors of r.
2, 3
Suppose -9*l = -0*l - 1719. What are the prime factors of l?
191
Let q(j) = -5*j**2 + 5 - j - 6*j + 1 + j**3. Let b be q(6). Suppose b = 5*p + g - 50, 2*p - 69 = -2*p + 5*g. What are the prime factors of p?
11
Let n = -5 - -5. Let q = n - 0. Let x = q + 7. What are the prime factors of x?
7
Suppose -z - 5*q = -19, z - 2*q = 2*q - 8. Let c(u) = 8*u - 4. Let h(j) = -9*j + 4. Let r(w) = 6*c(w) + 5*h(w). List the prime factors of r(z).
2
Let m(w) = -w**2 - 6. Let v = -20 + 14. Let h be m(v). What are the prime factors of (5/15)/((-2)/h)?
7
Suppose -4*o + 32 = -4*v - 152, -93 = 2*v - 3*o. Let x be 199/5 + (-9)/v. Suppose 8 = u - 2*r, 3*u - 2*r - x = -0*r. List the prime factors of u.
2
Let c be (-6 - -9) + -11 + 1. Let i = -3 - c. Suppose -v - 3*m + 7 = -26, -34 = -3*v + i*m. List the prime factors of v.
2, 3
Let b = -13 - -26. Let g(j) = -j**3 + 14*j**2 - 11*j - 1. List the prime factors of g(b).
5
Suppose 2*j + 8*p - 154 = 4*p, -231 = -3*j - 2*p. What are the prime factors of j?
7, 11
Let x be (-4 - -7)*(-5)/3. Let a = -2 - x. List the prime factors of a.
3
Suppose -10 + 90 = s. What are the prime factors of s?
2, 5
Let r(u) = -u**3 - 6*u**2 - u - 6. Let a be r(-6). Suppose 5 = 2*w - 7. Let v = a + w. What are the prime factors of v?
2, 3
Suppose 2*d = 4*d - 10. Suppose 0 = -f - d + 13. List the prime factors of f.
2
Let s(t) = -4*t**3 + 2*t**2 + 5*t + 1. Let o(a) = 3*a**3 - 3*a**2 - 4*a - 2. Let w(u) = -5*o(u) - 4*s(u). What are the prime factors of w(-7)?
2, 3
Let o = 1 + -1. Suppose 2*r + 0*r - 10 = o. Suppose q - 1 = -0, r*k = 3*q + 27. List the prime factors of k.
2, 3
Let o(a) = a**3 - 8*a**2 + 10*a + 7. What are the prime factors of o(8)?
3, 29
Let z = 4 - -1. Suppose -v + 2 = 0, 4*c + z*v + 19 = 77. What are the prime factors of c?
2, 3
Suppose 401 = 4*i - 131. List the prime factors of i.
7, 19
Suppose 2*q = 3 + 9. Suppose 2*h = 5*h + q. Let w(t) = -2*t**3 - t**2 + 2*t + 3. List the prime factors of w(h).
11
Let o(n) = n**3 + 6*n**2 - 4*n + 1. Let v(w) = w**2 + 11*w - 3. Let k be v(-11). What are the prime factors of o(k)?
2, 5
Let l = -448 + 729. List the prime factors of l.
281
Let n(r) = 7*r**2. Let f = 9 + -8. Let s be n(f). Suppose 0 = b - 1 - s. What are the prime factors of b?
2
Suppose 2*k + k - 4*g - 32 = 0, -3*k + 22 = -2*g. Suppose 3*o + 4 = -a, 4*o + 4*a = -0*a. What are the prime factors of 31/2 - o/k?
2
Let t = -11 + 11. Suppose 0 = -5*g - 4*w + 182, 2*g + 3*w - 24 - 53 = t. What are the prime factors of g?
2, 17
Suppose -3*d - 40 = 2*d. Let n be ((-6)/d)/(2/(-8)). What are the prime factors of (-40)/(-6)*n/(-2)?
2, 5
Let g(i) = -2*i + 1. Let d be g(-2). Let x be (1 - 0)*(3 + -1). Suppose -d*m + m + 2 = x*b, m + 2 = 0. What are the prime factors of b?
5
Suppose 3*w = 3*q + 16 - 58, 4*q = -5*w - 34. Let t be ((-4)/w)/((-2)/(-20)). Suppose 0 = -5*s + 3*g + 55, 2*s + 2*g - 22 = t*g. List the prime factors of s.
11
List the prime factors of 246/9 + 2/3.
2, 7
Suppose -n = -2*i - 2*n + 559, -1133 = -4*i + 3*n. List the prime factors of i.
281
Let u(y) = y**2 - y + 8. What are the prime factors of u(6)?
2, 19
Let x = 141 + -68. List the prime factors of x.
73
Suppose -2*q + 13 = -21. Let f = q + -6. Let p = f - 8. List the prime factors of p.
3
Let w(s) = s**2 + 2*s + 2. Suppose 0 = -4*n + i + 7, -2*i + 4 = n - 9. Suppose -m = 3*y + 1, -n*y + 2*m + 4 = 4*m. What are the prime factors of w(y)?
2
Suppose -5*w = -974 - 1. What are the prime factors of w?
3, 5, 13
Suppose -4*i - i = -110. What are the prime factors of i?
2, 11
List the prime factors of (-4)/(-3 + 4/4).
2
Let u = -186 + 333. Let k be u/(-6) + (-2)/(-4). Let o = -14 - k. What are the prime factors of o?
2, 5
Let l be 2/2 - (-5 - -2). Suppose -l*o = -21 + 1. Suppose -12 = -3*u, o*p - 10 = -2*u + 23. List the prime factors of p.
5
Suppose -5*g + 6 + 4 = 0. What are the prime factors of g - -5*(-3)/(-1)?
17
Let n = -254 + 392. List the prime factors of n.
2, 3, 23
Suppose 5*k - 273 = 2*v, -v = 3*k + v - 167. List the prime factors of k.
5, 11
Suppose 0 = -0*m + 5*m - 770. What are the prime factors of m/4 + 4/(-8)?
2, 19
Let b be 208/20 + 4/(-10). Let n = b - 6. What are the prime factors of n?
2
Let r = 68 + -45. List the prime factors of r.
23
Suppose 4*v = 3*k - 180, 215 = k + 3*k + 3*v. Suppose k = 4*y + 16. What are the prime factors of y?
2, 5
List the prime factors of ((-1)/(-4) + (-10)/4)*-36.
3
Let j = 121 - -18. List the prime factors of j.
139
What are the prime factors of (166/(-4))/((